e prime factors of 1600?
2, 5
What are the prime factors of 46?
2, 23
What are the prime factors of 3957?
3, 1319
List the prime factors of 9247.
7, 1321
List the prime factors of 4058.
2, 2029
What are the prime factors of 40596?
2, 3, 17, 199
What are the prime factors of 2508?
2, 3, 11, 19
List the prime factors of 15583.
15583
What are the prime factors of 8068?
2, 2017
List the prime factors of 784.
2, 7
What are the prime factors of 33360?
2, 3, 5, 139
What are the prime factors of 24689?
7, 3527
What are the prime factors of 2366?
2, 7, 13
What are the prime factors of 16913?
13, 1301
List the prime factors of 2346.
2, 3, 17, 23
List the prime factors of 43674.
2, 3, 29, 251
List the prime factors of 1332.
2, 3, 37
List the prime factors of 281.
281
What are the prime factors of 1419?
3, 11, 43
List the prime factors of 1627.
1627
What are the prime factors of 299?
13, 23
List the prime factors of 7968.
2, 3, 83
What are the prime factors of 19776?
2, 3, 103
List the prime factors of 839.
839
What are the prime factors of 4985?
5, 997
List the prime factors of 11388.
2, 3, 13, 73
What are the prime factors of 786?
2, 3, 131
List the prime factors of 39501.
3, 7, 11, 19
List the prime factors of 12555.
3, 5, 31
List the prime factors of 1039.
1039
List the prime factors of 3039.
3, 1013
What are the prime factors of 167?
167
List the prime factors of 147.
3, 7
What are the prime factors of 8423?
8423
List the prime factors of 425.
5, 17
What are the prime factors of 21615?
3, 5, 11, 131
What are the prime factors of 1881?
3, 11, 19
List the prime factors of 31193.
31193
List the prime factors of 2357.
2357
What are the prime factors of 3707?
11, 337
What are the prime factors of 29476?
2, 7369
What are the prime factors of 81792?
2, 3, 71
List the prime factors of 779.
19, 41
List the prime factors of 3397.
43, 79
List the prime factors of 4333.
7, 619
What are the prime factors of 1217?
1217
What are the prime factors of 35213?
23, 1531
List the prime factors of 39620.
2, 5, 7, 283
List the prime factors of 76614.
2, 3, 113
What are the prime factors of 9228?
2, 3, 769
List the prime factors of 43450.
2, 5, 11, 79
What are the prime factors of 4305?
3, 5, 7, 41
List the prime factors of 44059.
44059
List the prime factors of 417.
3, 139
List the prime factors of 24645.
3, 5, 31, 53
What are the prime factors of 50885?
5, 10177
What are the prime factors of 2759?
31, 89
What are the prime factors of 827?
827
List the prime factors of 13643.
7, 1949
List the prime factors of 1126.
2, 563
List the prime factors of 10555.
5, 2111
List the prime factors of 790.
2, 5, 79
What are the prime factors of 34328?
2, 7, 613
List the prime factors of 13595.
5, 2719
List the prime factors of 122282.
2, 61141
What are the prime factors of 135400?
2, 5, 677
List the prime factors of 8826.
2, 3, 1471
List the prime factors of 70619.
70619
List the prime factors of 22256.
2, 13, 107
What are the prime factors of 16477?
16477
List the prime factors of 67121.
67121
List the prime factors of 141307.
141307
What are the prime factors of 40580?
2, 5, 2029
What are the prime factors of 4678?
2, 2339
List the prime factors of 5910.
2, 3, 5, 197
What are the prime factors of 544?
2, 17
List the prime factors of 4732.
2, 7, 13
List the prime factors of 773.
773
List the prime factors of 655.
5, 131
What are the prime factors of 21319?
21319
List the prime factors of 3319.
3319
What are the prime factors of 21037?
109, 193
List the prime factors of 44315.
5, 8863
What are the prime factors of 2464?
2, 7, 11
List the prime factors of 37114.
2, 7, 11, 241
What are the prime factors of 27284?
2, 19, 359
What are the prime factors of 1083?
3, 19
What are the prime factors of 3398?
2, 1699
What are the prime factors of 13201?
43, 307
List the prime factors of 12264.
2, 3, 7, 73
List the prime factors of 30046.
2, 83, 181
List the prime factors of 2523.
3, 29
What are the prime factors of 1917?
3, 71
What are the prime factors of 61436?
2, 15359
List the prime factors of 14760.
2, 3, 5, 41
List the prime factors of 2181.
3, 727
List the prime factors of 28241.
31, 911
List the prime factors of 6789.
3, 31, 73
List the prime factors of 4555.
5, 911
List the prime factors of 979.
11, 89
List the prime factors of 19013.
19013
List the prime factors of 320.
2, 5
List the prime factors of 40612.
2, 11, 13, 71
List the prime factors of 39572.
2, 13, 761
List the prime factors of 28909.
28909
What are the prime factors of 13375?
5, 107
List the prime factors of 30236.
2, 7559
What are the prime factors of 58319?
29, 2011
What are the prime factors of 2602?
2, 1301
List the prime factors of 42412.
2, 23, 461
What are the prime factors of 15369?
3, 47, 109
List the prime factors of 2226.
2, 3, 7, 53
List the prime factors of 2446.
2, 1223
List the prime factors of 23761.
23761
What are the prime factors of 532?
2, 7, 19
What are the prime factors of 21255?
3, 5, 13, 109
List the prime factors of 2049.
3, 683
What are the prime factors of 2607?
3, 11, 79
What are the prime factors of 46978?
2, 83, 283
What are the prime factors of 8722?
2, 7, 89
What are the prime factors of 34227?
3, 3803
What are the prime factors of 12184?
2, 1523
List the prime factors of 1935.
3, 5, 43
What are the prime factors of 11109?
3, 7, 23
What are the prime factors of 146878?
2, 23, 31, 103
List the prime factors of 11737.
11, 97
What are the prime factors of 3181?
3181
What are the prime factors of 210?
2, 3, 5, 7
List the prime factors of 72388.
2, 18097
What are the prime factors of 5675?
5, 227
List the prime factors of 11312.
2, 7, 101
What are the prime factors of 36115?
5, 31, 233
List the prime factors of 1341.
3, 149
List the prime factors of 1577.
19, 83
What are the prime factors of 4982?
2, 47, 53
List the prime factors of 2937.
3, 11, 89
List the prime factors of 7419.
3, 2473
List the prime factors of 4482.
2, 3, 83
What are the prime factors of 129?
3, 43
What are the prime factors of 7948?
2, 1987
List the prime factors of 545.
5, 109
What are the prime factors of 68593?
7, 41, 239
What are the prime factors of 9061?
13, 17, 41
List the prime factors of 17673.
3, 43, 137
List the prime factors of 406.
2, 7, 29
List the prime factors of 1205.
5, 241
List the prime factors of 2237.
2237
What are the prime factors of 1267?
7, 181
List the prime factors of 2683.
2683
List the prime factors of 5568.
2, 3, 29
What are the prime factors of 9751?
7, 199
List the prime factors of 28547.
28547
List the prime factors of 53092.
2, 13, 1021
List the prime factors of 157975.
5, 71, 89
What are the prime factors of 4325?
5, 173
List the prime factors of 5038.
2, 11, 229
What are the prime factors of 1049?
1049
What are the prime factors of 1628?
2, 11, 37
What are the prime factors of 6253?
13, 37
What are the prime factors of 8245?
5, 17, 97
List the prime factors of 27799.
27799
List the prime factors of 6273.
3, 17, 41
List the prime factors of 2764.
2, 691
What are the prime factors of 8715?
3, 5, 7, 83
List the prime factors of 1523.
1523
What are the prime factors of 3120?
2, 3, 5, 13
List the prime factors of 2733.
3, 911
What are the prime factors of 2918?
2, 1459
List the prime factors of 178.
2, 89
List the prime factors of 10141.
10141
List the prime factors of 4136.
2, 11, 47
List the prime factors of 5671.
53, 107
List the prime factors of 35893.
11, 13, 251
What are the prime factors of 9498?
2, 3, 1583
List the prime factors of 744.
2, 3, 31
List the prime factors of 104.
2, 13
What are the prime factors of 5206?
2, 19, 137
List the prime factors of 17089.
23, 743
List the prime factors of 2800.
2, 5, 7
List the prime factors of 1178.
2, 19, 31
What are the prime factors of 2684?
2, 11, 61
What are the prime factors of 415?
5, 83
List the prime factors of 262.
2, 131
List the prime factors of 9069.
3, 3023
What are the prime factors of 5205?
3, 5, 347
What are the prime factors of 1773?
3, 197
List the prime factors of 51.
3, 17
List the prime factors of 86405.
5, 11, 1571
What are the prime factors of 3891?
3, 1297
What are the prime factors of 1547?
7, 13, 17
List the prime factors of 240.
2, 3, 5
List the prime factors of 5404.
2, 7, 193
List the prime factors of 680.
2, 5, 17